 q(s) = s**2 - 5*s - 3. Let c(o) = -o**2 + 7*o + 3. Let v(p) = -5*c(p) - 6*q(p). Give v(-6).
-3
Let b be 1/1*(1 + 1). Let v(f) = 2*f**2 + 4 + 0*f**2 + f**2 - b*f**2 - 7*f. Determine v(5).
-6
Let q(n) = 3*n - 24. Let d(y) = -2*y + 11. Let m(k) = 5*d(k) + 2*q(k). Calculate m(6).
-17
Suppose -2*o - 5*z + 3 = -10, -4*o + z = -15. Let f(j) = j**3 + 4*j**2 - o + 7 + 0*j + 2*j + j. Suppose -y - 12 = 4*c + 4*y, 3 = -c + 4*y. What is f(c)?
3
Let j(w) = w**2 + w - 1. Suppose 3*x = -x - 12. Calculate j(x).
5
Let o(v) = v**2 + 6*v - 3. Let q = -11 + 5. Let y be o(q). Let z(w) = 5*w**2 - 21*w**3 + 2*w + 1 + 2*w + 11*w**3 + 11*w**3. Give z(y).
7
Suppose 2*q = 3*m - 9, 5*q - q - 4*m = -12. Let c(h) = -2*h**3 + h**2 - 2. Let v(p) = -p**3 + p**2 + 1. Let u(a) = c(a) - v(a). What is u(q)?
-3
Let j(k) be the first derivative of 5/3*k**3 + 1/2*k**2 + 1/4*k**4 + 3*k + 1. Give j(-5).
-2
Let c(u) = 3*u + 8. Let z(k) = 6 + 4*k + 2 + 0. Let d(r) = -5*c(r) + 4*z(r). Give d(6).
-2
Let k(z) = 4*z**3 - z**2 - 11*z + 9. Suppose -2*y + 7*y - 35 = 0. Let q(u) = 9*u**3 - u**2 - 23*u + 19. Let a(l) = y*k(l) - 3*q(l). Determine a(5).
-9
Let s(z) = -2 + z**2 + 2*z + 3 - 2 + 0*z. Suppose 2*t + 2 = 2*d - 6, 0 = -5*t + d - 16. Calculate s(t).
2
Let r(h) = -h**3 - 31*h**2 - h - 18. Let n be r(-31). Let f(w) = w**3 - 12*w**2 - 14*w + 16. Determine f(n).
3
Let u(f) = -f**3 - f**2 - 2*f - 3. Let q be (-27)/(-18) - ((-13)/(-2) + -2). Give u(q).
21
Let o(t) be the third derivative of t**4/24 - t**2. Let r = 3 + 1. Suppose -3*m + r + 2 = 0, -2*v - 3*m + 12 = 0. What is o(v)?
3
Let q be (-4)/6*-3 + 0. Suppose -q*u + 7*u + 10 = 0. Let k(a) be the second derivative of a**4/12 + a**3/6 - 3*a. Determine k(u).
2
Suppose -3*r - m = -6*m - 48, 2*r = -m + 45. Suppose -6 + r = 5*o. Let a(b) be the third derivative of -b**5/60 - b**4/24 + b**3/6 - b**2 - b. Determine a(o).
-11
Let s(x) = x**2 + 5*x - 7. Suppose 16*v = 10*v - 30. What is s(v)?
-7
Let j(c) = -c**2 + 4*c - 2. Let u(f) = f. Let y be u(3). Let p be -6 - -2 - -2 - 12. Let a be (-2)/y - p/3. What is j(a)?
-2
Let o(q) = 7*q**2 + 11*q + 22. Let i(y) = -3*y**2 - 5*y - 10. Let l(g) = 5*i(g) + 2*o(g). What is l(-4)?
-10
Let g be 4/(-18) + (-160)/(-72). Let s(o) = -o**2 + 5 + o**2 - o**3 + 2*o**2 + o**2 + g*o. Let y(k) = -k**3 + 6*k**2 + k - 2. Let u be y(6). Determine s(u).
-3
Let t be 30/4*4/6. Let y(k) = 3 + 0*k**2 + 0*k - k**2 - t*k. Determine y(-5).
3
Let b(i) = -7*i**3 + 7*i**2 + i - 7. Let o(j) = 6*j**3 - 6*j**2 - j + 6. Let k(g) = 5*b(g) + 6*o(g). Let p = -311 - -309. Determine k(p).
-9
Let f(b) = -b**3 + 4*b**2 + 2*b + 2. Suppose 7*x - 72 = -11*x. What is f(x)?
10
Suppose -6 = -5*f - 6. Let x(w) = -w**2 + w + 4. Determine x(f).
4
Suppose -2*o + 6 = -5*o. Let s(g) = -g**3 + 4*g**2 + 7*g - 7. Let t be s(5). Let z(y) = 2*y - t*y - 4*y - 2. Give z(o).
8
Let p(s) = s**2 - 8*s - 5. Let g(j) = -6*j**2 + 41*j + 25. Let d(m) = -2*g(m) - 11*p(m). Suppose t = -2*u - 6, -u + 5*u + 3*t = -10. Calculate d(u).
-3
Let g(n) = -9 + 4*n + 6*n + 4 - n**2 - 5. Calculate g(7).
11
Let m = 57 + -15. Let p = -2 - -19. Suppose p = -5*l + m. Let a(b) = b**2 - 5*b - 1. Give a(l).
-1
Suppose -4*r + 18 = c, 3*r + 0*c + c - 13 = 0. Let o(g) = g**3 - 4*g**2 - 7*g + 7. Give o(r).
-3
Let y(t) = -t**3 - 7*t**2 - 6*t - 6. Suppose 28*p - 18 = 31*p. What is y(p)?
-6
Let w(i) = 5*i. Let p be (14/21)/((-1)/(-3)). Calculate w(p).
10
Let z be ((-2)/3)/((-8)/(-84)). Let k = 8 + z. Let v(m) = 4*m**3 - m + 1. Determine v(k).
4
Let m(g) = -3*g + 2 - 1 - g**2 + 7*g. Let l(r) = r + 1. Let w be l(2). Determine m(w).
4
Let l(k) = -k**2 - k + 2. Suppose 0 = u - 2 - 2. Suppose p = -u*p. Give l(p).
2
Let u(y) = -y + 5. Let d be u(6). Let a(q) = -11 - 2*q + 3*q**3 - q**2 + 16 - 6. Calculate a(d).
-3
Suppose n = -0 + 2. Let i be (2 - 0) + (n - 3). Let g(s) = -5*s**2 - 2*s + 1. Determine g(i).
-6
Let w(p) = p + 3. Let g be w(-1). Let d(k) = 0 + 4*k**g - k**3 + 0 + k - 4. Calculate d(4).
0
Let v(z) = -15*z**3 - 11*z**2 + 11. Let k(i) = 10*i**3 + 7*i**2 - 7. Let y = -15 - -23. Let n(o) = y*k(o) + 5*v(o). Let t be 2/(-2)*(-1)/1. What is n(t)?
5
Let w(y) = 2*y. Suppose -3 = t - 4. Let k = t - 2. Determine w(k).
-2
Suppose 4*t + 5*f + 5 = 4*f, -5*t + f = 13. Let w(s) be the first derivative of s**2 + 2*s - 13. Determine w(t).
-2
Let t(q) = 3*q + 2. Let g be t(-3). Let a = 5 + g. Let w be a*1 + 1 - -2. Let r(j) = -2*j - 1. Give r(w).
-3
Let c(f) = -130*f**2 + 131*f**2 + 6*f + 1 - f. Calculate c(-4).
-3
Suppose 3*l = -2*l - 10. Let w = 0 - l. Let d(g) = g**2 - g - 2. What is d(w)?
0
Let a(w) = -w + 1. Let z(b) = 3*b - 8. Let q be z(6). Let h = q + -12. Let p be (-25)/(-10)*(-4)/h. What is a(p)?
-4
Let c(i) = 1 - 11*i**2 + 3 + 2*i - 3. Determine c(-1).
-12
Let k(a) be the first derivative of a**4/12 + a**3 + 3*a**2/2 + 3*a + 4. Let s(o) be the first derivative of k(o). Determine s(-3).
-6
Let i = -59 + 58. Let f(o) = -4 - o + 3 + 2*o. Give f(i).
-2
Let t(r) be the third derivative of r**5/60 + r**4/24 - r**3/3 - 4*r**2. What is t(-3)?
4
Let o(t) = -t**3 - 3*t**2 + 3*t - 2. Let w(m) = -2*m**3 - 9*m**2 + 9*m - 6. Let s(f) = 8*o(f) - 3*w(f). What is s(2)?
-8
Let w(u) be the third derivative of 1/6*u**3 - 1/20*u**5 + 1/120*u**6 - 1/4*u**4 + 0 + 2*u**2 + 0*u. Let v be 4/(-3)*(-2 - 1). Calculate w(v).
-7
Let r(x) = -5*x - 4. Let j(z) be the first derivative of -3*z**2 - 4*z - 3. Let u(g) = -4*j(g) + 5*r(g). Determine u(-4).
0
Let l(x) = 6 + 2*x**3 + 5*x**2 + 2*x**3 - 4*x - 5*x**3. Let m be ((-42)/(-18))/(84/144). Determine l(m).
6
Let w(g) be the second derivative of g**5/20 - g**4/3 + 2*g**3/3 - g**2 - 11*g. Give w(4).
14
Suppose 0*j + j + 4*c = 24, 4*j - 39 = 3*c. Let x be 2/(-8) - (-27)/j. Let z(m) = -m**3 + m**2 + 3*m - 1. What is z(x)?
1
Let k = 13 + -8. Suppose 2*t - 3*t - 4*s - 9 = 0, k*t + s = -26. Let a(c) = c**3 + 5*c**2 + 3*c + 7. Determine a(t).
-8
Let u(v) = v + 2. Suppose 0 = -3*o + 2*k - 9, -2*o - 3*k = -7*o - 16. Let d be u(o). Let f(z) = -z**3 - 5*z**2 - 4*z + 1. Give f(d).
-5
Let c(t) = t**2 + 4*t - 4. Let g be c(-5). Let y(r) = -2*r + g + 0 + 10*r. Determine y(-1).
-7
Let b be (((-14)/(-3))/2)/(5/(-15)). Let z(x) = x**2 + 5*x + 4. What is z(b)?
18
Let s = -90 - -93. Let z(i) = i**3 - 3*i**2 + 3*i - 2. Give z(s).
7
Let v(u) be the first derivative of -3*u**2/2 + u - 1. What is v(-4)?
13
Let h(k) be the first derivative of -k**4/2 + 2*k**3/3 + 2*k - 11. Let p(o) = o**2 - 6*o + 2. Let m be p(6). Determine h(m).
-6
Let y(d) be the second derivative of d + 0 - 3*d**2 - 1/12*d**4 - 7/6*d**3. Give y(-6).
0
Let i(m) = -2*m + 1. Let b(y) = -y**2 - 9*y + 13. Suppose 0*w = -2*w - 20. Let n be b(w). Give i(n).
-5
Let y(w) = -10*w**3 - 2*w - 1. Suppose 4*i + 3*k + 1 = 0, 4*i + 1 + 1 = -2*k. Determine y(i).
11
Suppose 0 = -2*y - 0*y - 3*i - 2, -5*y - 4*i + 9 = 0. Suppose 4*a - 1 + y = 0. Let p be 1 + (a - 0)*7. Let h(d) = -d**3 - 5*d**2 + 8*d + 5. What is h(p)?
-7
Let a(v) = 7*v + 3*v**3 + 3*v**2 - 5*v + 2*v**2 + 1 - 3*v**2. What is a(-1)?
-2
Let m(r) = -4*r**2 + 2*r + 1. Let z be m(-1). Let x(g) = -g**3 - 3*g**2 + 6*g - 7. Give x(z).
13
Let z(t) be the second derivative of -t**4/12 + 7*t**3/6 + 33*t. Calculate z(6).
6
Let u(z) = -z**3 - 5*z**2 - 5. Suppose 4*w = -2*h + 18, h + h = 3*w - 10. Suppose -2*n + 25 = -5*n + 5*t, 30 = -w*n + 5*t. Give u(n).
-5
Let k(f) = 3 + 2*f + 13*f**2 - 23*f**2 + 16*f**2 + f**3. What is k(-6)?
-9
Suppose 4*c = -2*k + 22, 3*c - 14 = -2*k + 3*k. Let w(z) = 1 + 3 + 2*z + z - k. What is w(-4)?
-9
Suppose -4*i = i - 45. Let y be (-24)/i*(-6)/(-2). Let c(a) = a**2 + 9*a + 11. Give c(y).
3
Let h(z) = -z + 3. Let r(a) be the second derivative of -3/2*a**2 + 2*a - 1/20*a**5 - 5/12*a**4 - a**3 + 0. Let v be r(-4). Calculate h(v).
-2
Let d(a) = a**3 - 5*a**2 - 8*a + 9. Let g = 93 - 177. Let n be 10/25 + g/(-15). What is d(n)?
-3
Let s be 2*-1 + 0 + 2. Let v = -1 - s. Let a = 1 - v. Let n(k) = 2*k**3 - 2*k**2 - k - 2. Determine n(a).
4
Let n(s) = s**2 - s - 2. Let t be n(-2). Let g(i) = -5*i**2 - 6*i + t*i + 24 - 25. Determine g(-1).
-4
Let a(v) = -v - 1. Let x be a(-3). Let r(l) = -l**2 - 3*l + 3. Let g be r(-3). Let s(o) = 1 + o**g + o - 2*o**2 + 2*o**x. Determine s(-1).
-1
Let w(n) be the second derivative of n**3/6 - 3*n**2/2 - n. Let y = -177 + 182. Determine w(y).
2
Supp